{"id":3925,"date":"2025-04-12T07:23:51","date_gmt":"2025-04-12T07:23:51","guid":{"rendered":"https:\/\/mayosis.themepreview.xyz\/woo\/mayovendor\/?post_type=product&#038;p=60"},"modified":"2025-12-15T13:57:46","modified_gmt":"2025-12-15T13:57:46","slug":"1000-infographic-elements-2","status":"publish","type":"product","link":"https:\/\/mydevy.com\/index.php\/product\/1000-infographic-elements-2\/","title":{"rendered":"AI Chat &#038; Productivit\u00e9 UI Kit"},"content":{"rendered":"<p data-start=\"208\" data-end=\"574\">Le <strong data-start=\"211\" data-end=\"244\">AI Chat &amp; Productivit\u00e9 UI Kit<\/strong> est un ensemble complet de composants d\u2019interface moderne con\u00e7u pour la cr\u00e9ation d\u2019applications intelligentes bas\u00e9es sur l\u2019IA, les chatbots et les outils de productivit\u00e9. Pens\u00e9 pour les designers et d\u00e9veloppeurs, ce kit permet de concevoir rapidement des interfaces \u00e9l\u00e9gantes, intuitives et centr\u00e9es sur l\u2019exp\u00e9rience utilisateur.<\/p>\n<p data-start=\"576\" data-end=\"888\">Avec un design \u00e9pur\u00e9 et futuriste, le UI Kit met en valeur les interactions conversationnelles tout en int\u00e9grant des fonctionnalit\u00e9s avanc\u00e9es de gestion de t\u00e2ches, d\u2019organisation et d\u2019automatisation. Il est parfaitement adapt\u00e9 aux applications SaaS, dashboards, assistants virtuels et plateformes collaboratives.<\/p>\n<p data-start=\"576\" data-end=\"888\"><img fetchpriority=\"high\" decoding=\"async\" class=\"alignnone  wp-image-3995\" src=\"http:\/\/mydevy.com\/wp-content\/uploads\/2023\/04\/c6_1763998612230-300x227.webp\" alt=\"\" width=\"993\" height=\"751\" srcset=\"https:\/\/mydevy.com\/wp-content\/uploads\/2023\/04\/c6_1763998612230-300x227.webp 300w, https:\/\/mydevy.com\/wp-content\/uploads\/2023\/04\/c6_1763998612230-600x453.webp 600w, https:\/\/mydevy.com\/wp-content\/uploads\/2023\/04\/c6_1763998612230-1024x774.webp 1024w, https:\/\/mydevy.com\/wp-content\/uploads\/2023\/04\/c6_1763998612230-768x580.webp 768w, https:\/\/mydevy.com\/wp-content\/uploads\/2023\/04\/c6_1763998612230-1536x1161.webp 1536w, https:\/\/mydevy.com\/wp-content\/uploads\/2023\/04\/c6_1763998612230.webp 1800w\" sizes=\"(max-width: 993px) 100vw, 993px\" \/><\/p>\n<h3 data-start=\"890\" data-end=\"918\">\u2728 Fonctionnalit\u00e9s cl\u00e9s :<\/h3>\n<ul data-start=\"919\" data-end=\"1376\">\n<li data-start=\"919\" data-end=\"991\">\n<p data-start=\"921\" data-end=\"991\">Interfaces de chat IA modernes (messages, avatars, \u00e9tats, r\u00e9actions)<\/p>\n<\/li>\n<li data-start=\"992\" data-end=\"1062\">\n<p data-start=\"994\" data-end=\"1062\">Dashboards de productivit\u00e9 (to-do lists, calendrier, statistiques)<\/p>\n<\/li>\n<li data-start=\"1063\" data-end=\"1134\">\n<p data-start=\"1065\" data-end=\"1134\">Composants UI r\u00e9utilisables (boutons, cartes, formulaires, modales)<\/p>\n<\/li>\n<li data-start=\"1135\" data-end=\"1175\">\n<p data-start=\"1137\" data-end=\"1175\">Design responsive pour web et mobile<\/p>\n<\/li>\n<li data-start=\"1176\" data-end=\"1249\">\n<p data-start=\"1178\" data-end=\"1249\">Organisation claire avec grilles, couleurs et typographies coh\u00e9rentes<\/p>\n<\/li>\n<li data-start=\"1250\" data-end=\"1311\">\n<p data-start=\"1252\" data-end=\"1311\">Compatible avec Figma \/ Sketch \/ Adobe XD (selon version)<\/p>\n<\/li>\n<li data-start=\"1312\" data-end=\"1376\">\n<p data-start=\"1314\" data-end=\"1376\">Personnalisation facile pour s\u2019adapter \u00e0 diff\u00e9rentes marques<\/p>\n<\/li>\n<\/ul>\n<p data-start=\"1378\" data-end=\"1601\">Ce <strong data-start=\"1381\" data-end=\"1414\">UI Kit AI Chat &amp; Productivit\u00e9<\/strong> est la solution id\u00e9ale pour acc\u00e9l\u00e9rer le prototypage, am\u00e9liorer la coh\u00e9rence visuelle et cr\u00e9er des produits num\u00e9riques innovants int\u00e9grant l\u2019intelligence artificielle et la productivit\u00e9.<\/p>\n","protected":false},"excerpt":{"rendered":"<p>Le AI Chat &amp; Productivit\u00e9 UI Kit est un ensemble complet de composants d\u2019interface moderne con\u00e7u pour la cr\u00e9ation d\u2019applications intelligentes bas\u00e9es sur l\u2019IA, les chatbots et les outils de productivit\u00e9. Pens\u00e9 pour les designers et d\u00e9veloppeurs, ce kit permet de concevoir rapidement des interfaces \u00e9l\u00e9gantes, intuitives et centr\u00e9es sur l\u2019exp\u00e9rience utilisateur. Avec un design [&hellip;]<\/p>\n","protected":false},"featured_media":3994,"comment_status":"open","ping_status":"closed","template":"","format":"standard","meta":{"_acf_changed":false},"product_brand":[],"product_cat":[53],"product_tag":[],"class_list":{"0":"post-3925","1":"product","2":"type-product","3":"status-publish","4":"format-standard","5":"has-post-thumbnail","7":"product_cat-graphics","9":"first","10":"instock","11":"shipping-taxable","12":"purchasable","13":"product-type-simple"},"acf":[],"_links":{"self":[{"href":"https:\/\/mydevy.com\/index.php\/wp-json\/wp\/v2\/product\/3925","targetHints":{"allow":["GET"]}}],"collection":[{"href":"https:\/\/mydevy.com\/index.php\/wp-json\/wp\/v2\/product"}],"about":[{"href":"https:\/\/mydevy.com\/index.php\/wp-json\/wp\/v2\/types\/product"}],"replies":[{"embeddable":true,"href":"https:\/\/mydevy.com\/index.php\/wp-json\/wp\/v2\/comments?post=3925"}],"wp:featuredmedia":[{"embeddable":true,"href":"https:\/\/mydevy.com\/index.php\/wp-json\/wp\/v2\/media\/3994"}],"wp:attachment":[{"href":"https:\/\/mydevy.com\/index.php\/wp-json\/wp\/v2\/media?parent=3925"}],"wp:term":[{"taxonomy":"product_brand","embeddable":true,"href":"https:\/\/mydevy.com\/index.php\/wp-json\/wp\/v2\/product_brand?post=3925"},{"taxonomy":"product_cat","embeddable":true,"href":"https:\/\/mydevy.com\/index.php\/wp-json\/wp\/v2\/product_cat?post=3925"},{"taxonomy":"product_tag","embeddable":true,"href":"https:\/\/mydevy.com\/index.php\/wp-json\/wp\/v2\/product_tag?post=3925"}],"curies":[{"name":"wp","href":"https:\/\/api.w.org\/{rel}","templated":true}]}}