{"id":3924,"date":"2025-04-12T07:20:01","date_gmt":"2025-04-12T07:20:01","guid":{"rendered":"https:\/\/mayosis.themepreview.xyz\/woo\/mayovendor\/?post_type=product&#038;p=58"},"modified":"2025-12-15T14:05:04","modified_gmt":"2025-12-15T14:05:04","slug":"geo-shapes-backgrounds-2","status":"publish","type":"product","link":"https:\/\/mydevy.com\/index.php\/product\/geo-shapes-backgrounds-2\/","title":{"rendered":"Creation Logo"},"content":{"rendered":"<p data-start=\"211\" data-end=\"514\">Le service de <strong data-start=\"225\" data-end=\"245\">Cr\u00e9ation de Logo<\/strong> est con\u00e7u pour donner \u00e0 votre marque une identit\u00e9 visuelle forte, unique et m\u00e9morable. Un logo bien pens\u00e9 est la base de toute communication visuelle efficace : il refl\u00e8te vos valeurs, votre vision et renforce la cr\u00e9dibilit\u00e9 de votre entreprise aupr\u00e8s de votre public.<\/p>\n<p data-start=\"516\" data-end=\"780\">Chaque logo est cr\u00e9\u00e9 sur mesure, avec une approche strat\u00e9gique et cr\u00e9ative, afin de garantir un design original, coh\u00e9rent et intemporel. Que vous soyez une startup, une entreprise ou un ind\u00e9pendant, nous concevons un logo adapt\u00e9 \u00e0 votre secteur et \u00e0 vos objectifs.<\/p>\n<h3 data-start=\"782\" data-end=\"816\">\u2728 Ce que comprend le service :<\/h3>\n<ul data-start=\"817\" data-end=\"1127\">\n<li data-start=\"817\" data-end=\"862\">\n<p data-start=\"819\" data-end=\"862\">Analyse de la marque et du positionnement<\/p>\n<\/li>\n<li data-start=\"863\" data-end=\"920\">\n<p data-start=\"865\" data-end=\"920\">Cr\u00e9ation de concepts de logo uniques et personnalis\u00e9s<\/p>\n<\/li>\n<li data-start=\"921\" data-end=\"976\">\n<p data-start=\"923\" data-end=\"976\">Choix des couleurs et typographies professionnelles<\/p>\n<\/li>\n<li data-start=\"977\" data-end=\"1008\">\n<p data-start=\"979\" data-end=\"1008\">R\u00e9visions selon vos retours<\/p>\n<\/li>\n<li data-start=\"1009\" data-end=\"1074\">\n<p data-start=\"1011\" data-end=\"1074\">Livraison des fichiers haute qualit\u00e9 (PNG, JPG, SVG, AI, PDF)<\/p>\n<\/li>\n<li data-start=\"1075\" data-end=\"1127\">\n<p data-start=\"1077\" data-end=\"1127\">Versions pour web, impression et r\u00e9seaux sociaux<\/p>\n<\/li>\n<\/ul>\n<p data-start=\"1129\" data-end=\"1263\">Un logo professionnel vous aide \u00e0 vous d\u00e9marquer, \u00e0 renforcer votre image de marque et \u00e0 cr\u00e9er une connexion durable avec vos clients.<\/p>\n","protected":false},"excerpt":{"rendered":"<p>Le service de Cr\u00e9ation de Logo est con\u00e7u pour donner \u00e0 votre marque une identit\u00e9 visuelle forte, unique et m\u00e9morable. Un logo bien pens\u00e9 est la base de toute communication visuelle efficace : il refl\u00e8te vos valeurs, votre vision et renforce la cr\u00e9dibilit\u00e9 de votre entreprise aupr\u00e8s de votre public. Chaque logo est cr\u00e9\u00e9 sur [&hellip;]<\/p>\n","protected":false},"featured_media":4000,"comment_status":"open","ping_status":"closed","template":"","format":"standard","meta":{"_acf_changed":false},"product_brand":[],"product_cat":[53],"product_tag":[],"class_list":{"0":"post-3924","1":"product","2":"type-product","3":"status-publish","4":"format-standard","5":"has-post-thumbnail","7":"product_cat-graphics","9":"first","10":"instock","11":"shipping-taxable","12":"purchasable","13":"product-type-simple"},"acf":[],"_links":{"self":[{"href":"https:\/\/mydevy.com\/index.php\/wp-json\/wp\/v2\/product\/3924","targetHints":{"allow":["GET"]}}],"collection":[{"href":"https:\/\/mydevy.com\/index.php\/wp-json\/wp\/v2\/product"}],"about":[{"href":"https:\/\/mydevy.com\/index.php\/wp-json\/wp\/v2\/types\/product"}],"replies":[{"embeddable":true,"href":"https:\/\/mydevy.com\/index.php\/wp-json\/wp\/v2\/comments?post=3924"}],"wp:featuredmedia":[{"embeddable":true,"href":"https:\/\/mydevy.com\/index.php\/wp-json\/wp\/v2\/media\/4000"}],"wp:attachment":[{"href":"https:\/\/mydevy.com\/index.php\/wp-json\/wp\/v2\/media?parent=3924"}],"wp:term":[{"taxonomy":"product_brand","embeddable":true,"href":"https:\/\/mydevy.com\/index.php\/wp-json\/wp\/v2\/product_brand?post=3924"},{"taxonomy":"product_cat","embeddable":true,"href":"https:\/\/mydevy.com\/index.php\/wp-json\/wp\/v2\/product_cat?post=3924"},{"taxonomy":"product_tag","embeddable":true,"href":"https:\/\/mydevy.com\/index.php\/wp-json\/wp\/v2\/product_tag?post=3924"}],"curies":[{"name":"wp","href":"https:\/\/api.w.org\/{rel}","templated":true}]}}