{"id":3525,"date":"2025-11-29T05:10:38","date_gmt":"2025-11-29T05:10:38","guid":{"rendered":"https:\/\/mayosis.themepreview.xyz\/woo\/maindemo\/?post_type=product&#038;p=3525"},"modified":"2025-12-12T12:17:17","modified_gmt":"2025-12-12T12:17:17","slug":"thred-application-de-medias-sociaux","status":"publish","type":"product","link":"https:\/\/mydevy.com\/index.php\/product\/thred-application-de-medias-sociaux\/","title":{"rendered":"Thred Application de m\u00e9dias sociaux"},"content":{"rendered":"<p><strong data-start=\"307\" data-end=\"334\">Thread Social Media App<\/strong> est une application <strong data-start=\"355\" data-end=\"380\">native Android et iOS<\/strong> de r\u00e9seau social, con\u00e7ue pour offrir des performances \u00e9lev\u00e9es et une exp\u00e9rience utilisateur fluide. Elle permet de cr\u00e9er et partager des publications courtes, d\u2019interagir via likes, commentaires et partages, ainsi que d\u2019\u00e9changer via messagerie instantan\u00e9e. L\u2019application int\u00e8gre des profils personnalisables, des fils de discussion dynamiques et une interface moderne. Id\u00e9ale pour lancer, personnaliser et faire \u00e9voluer une communaut\u00e9 digitale engag\u00e9e.<\/p>\n<p><img fetchpriority=\"high\" decoding=\"async\" class=\"alignnone wp-image-3965\" src=\"http:\/\/mydevy.com\/wp-content\/uploads\/2023\/04\/detail-04_1762818299265-300x227.webp\" alt=\"\" width=\"917\" height=\"694\" srcset=\"https:\/\/mydevy.com\/wp-content\/uploads\/2023\/04\/detail-04_1762818299265-300x227.webp 300w, https:\/\/mydevy.com\/wp-content\/uploads\/2023\/04\/detail-04_1762818299265-600x453.webp 600w, https:\/\/mydevy.com\/wp-content\/uploads\/2023\/04\/detail-04_1762818299265-1024x774.webp 1024w, https:\/\/mydevy.com\/wp-content\/uploads\/2023\/04\/detail-04_1762818299265-768x580.webp 768w, https:\/\/mydevy.com\/wp-content\/uploads\/2023\/04\/detail-04_1762818299265-1536x1161.webp 1536w, https:\/\/mydevy.com\/wp-content\/uploads\/2023\/04\/detail-04_1762818299265.webp 1800w\" sizes=\"(max-width: 917px) 100vw, 917px\" \/><\/p>\n<h2 data-start=\"840\" data-end=\"873\">\u2699\ufe0f Fonctionnalit\u00e9s principales<\/h2>\n<ul data-start=\"874\" data-end=\"1210\">\n<li data-start=\"874\" data-end=\"912\">\n<p data-start=\"876\" data-end=\"912\">Application <strong data-start=\"888\" data-end=\"912\">native Android &amp; iOS<\/strong><\/p>\n<\/li>\n<li data-start=\"913\" data-end=\"957\">\n<p data-start=\"915\" data-end=\"957\">Cr\u00e9ation de publications courtes (threads)<\/p>\n<\/li>\n<li data-start=\"958\" data-end=\"991\">\n<p data-start=\"960\" data-end=\"991\">Likes, commentaires et partages<\/p>\n<\/li>\n<li data-start=\"992\" data-end=\"1023\">\n<p data-start=\"994\" data-end=\"1023\">Fils de discussion dynamiques<\/p>\n<\/li>\n<li data-start=\"1024\" data-end=\"1048\">\n<p data-start=\"1026\" data-end=\"1048\">Messagerie instantan\u00e9e<\/p>\n<\/li>\n<li data-start=\"1049\" data-end=\"1088\">\n<p data-start=\"1051\" data-end=\"1088\">Profils utilisateurs personnalisables<\/p>\n<\/li>\n<li data-start=\"1089\" data-end=\"1117\">\n<p data-start=\"1091\" data-end=\"1117\">Authentification s\u00e9curis\u00e9e<\/p>\n<\/li>\n<li data-start=\"1118\" data-end=\"1151\">\n<p data-start=\"1120\" data-end=\"1151\">Interface moderne et responsive<\/p>\n<\/li>\n<li data-start=\"1152\" data-end=\"1177\">\n<p data-start=\"1154\" data-end=\"1177\">Performances optimis\u00e9es<\/p>\n<\/li>\n<li data-start=\"1178\" data-end=\"1210\">\n<p data-start=\"1180\" data-end=\"1210\">Code propre et personnalisable<\/p>\n<\/li>\n<\/ul>\n","protected":false},"excerpt":{"rendered":"<p>Thread Social Media App est une application native Android et iOS de r\u00e9seau social, con\u00e7ue pour offrir des performances \u00e9lev\u00e9es et une exp\u00e9rience utilisateur fluide. Elle permet de cr\u00e9er et partager des publications courtes, d\u2019interagir via likes, commentaires et partages, ainsi que d\u2019\u00e9changer via messagerie instantan\u00e9e. L\u2019application int\u00e8gre des profils personnalisables, des fils de discussion [&hellip;]<\/p>\n","protected":false},"featured_media":3963,"comment_status":"closed","ping_status":"closed","template":"","format":"standard","meta":{"_acf_changed":false},"product_brand":[],"product_cat":[65],"product_tag":[],"class_list":{"0":"post-3525","1":"product","2":"type-product","3":"status-publish","4":"format-standard","5":"has-post-thumbnail","7":"product_cat-apps-templates","9":"first","10":"instock","11":"shipping-taxable","12":"purchasable","13":"product-type-simple"},"acf":[],"_links":{"self":[{"href":"https:\/\/mydevy.com\/index.php\/wp-json\/wp\/v2\/product\/3525","targetHints":{"allow":["GET"]}}],"collection":[{"href":"https:\/\/mydevy.com\/index.php\/wp-json\/wp\/v2\/product"}],"about":[{"href":"https:\/\/mydevy.com\/index.php\/wp-json\/wp\/v2\/types\/product"}],"replies":[{"embeddable":true,"href":"https:\/\/mydevy.com\/index.php\/wp-json\/wp\/v2\/comments?post=3525"}],"wp:featuredmedia":[{"embeddable":true,"href":"https:\/\/mydevy.com\/index.php\/wp-json\/wp\/v2\/media\/3963"}],"wp:attachment":[{"href":"https:\/\/mydevy.com\/index.php\/wp-json\/wp\/v2\/media?parent=3525"}],"wp:term":[{"taxonomy":"product_brand","embeddable":true,"href":"https:\/\/mydevy.com\/index.php\/wp-json\/wp\/v2\/product_brand?post=3525"},{"taxonomy":"product_cat","embeddable":true,"href":"https:\/\/mydevy.com\/index.php\/wp-json\/wp\/v2\/product_cat?post=3525"},{"taxonomy":"product_tag","embeddable":true,"href":"https:\/\/mydevy.com\/index.php\/wp-json\/wp\/v2\/product_tag?post=3525"}],"curies":[{"name":"wp","href":"https:\/\/api.w.org\/{rel}","templated":true}]}}